{"id":5226,"date":"2021-02-15T16:07:50","date_gmt":"2021-02-15T15:07:50","guid":{"rendered":"http:\/\/slo4.edu.pl\/?page_id=5226"},"modified":"2025-09-11T16:03:00","modified_gmt":"2025-09-11T14:03:00","slug":"plan-nauczania-w-klasach-7-i-8","status":"publish","type":"page","link":"https:\/\/www.batalionparasol.pl\/slo4\/plan-nauczania-w-klasach-7-i-8\/","title":{"rendered":"Plan nauczania w klasach 7 i 8"},"content":{"rendered":"<p>Za\u0142o\u017cenia oferty edukacyjnej Szko\u0142y Podstawowej przy Spo\u0142ecznym Liceum Og\u00f3lnokszta\u0142c\u0105cym nr 4 im. Batalionu AK &#8222;Parasol&#8221;<\/p>\n<h3>Plan nauczania dla uczni\u00f3w klas 7-8:<\/h3>\n<table border=\"2\" width=\"671\">\n<tbody>\n<tr>\n<td style=\"width: 44.2333px;\" rowspan=\"2\"><strong>Lp.<\/strong><\/td>\n<td style=\"width: 215.75px;\" rowspan=\"2\"><strong>Przedmiot<\/strong><\/td>\n<td style=\"width: 389.017px;\" colspan=\"2\">\n<p style=\"text-align: center;\"><strong>Tygodniowa liczba godzin<\/strong><\/p>\n<\/td>\n<\/tr>\n<tr>\n<td style=\"width: 94.6px;\">\n<p style=\"text-align: center;\"><strong>klasa 7<\/strong><\/p>\n<\/td>\n<td style=\"width: 92.95px;\">\n<p style=\"text-align: center;\"><strong>klasa 8<\/strong><\/p>\n<\/td>\n<\/tr>\n<tr>\n<td style=\"width: 44.2333px;\">1<\/td>\n<td style=\"width: 215.75px;\">J\u0119zyk polski<\/td>\n<td style=\"width: 94.6px; text-align: center;\">5<\/td>\n<td style=\"width: 92.95px; text-align: center;\">5<\/td>\n<\/tr>\n<tr>\n<td style=\"width: 44.2333px;\">2<\/td>\n<td style=\"width: 215.75px;\">J\u0119zyk angielski<\/td>\n<td style=\"width: 94.6px; text-align: center;\">4<\/td>\n<td style=\"width: 92.95px; text-align: center;\">4<\/td>\n<\/tr>\n<tr>\n<td style=\"width: 44.2333px;\">3<\/td>\n<td style=\"width: 215.75px;\">J\u0119zyk obcy nowo\u017cytny<\/td>\n<td style=\"width: 94.6px; text-align: center;\">4<\/td>\n<td style=\"width: 92.95px; text-align: center;\">4<\/td>\n<\/tr>\n<tr>\n<td style=\"width: 44.2333px;\">4<\/td>\n<td style=\"width: 215.75px;\">Matematyka<\/td>\n<td style=\"width: 94.6px; text-align: center;\">5<\/td>\n<td style=\"width: 92.95px; text-align: center;\">5<\/td>\n<\/tr>\n<tr>\n<td style=\"width: 44.2333px;\">5<\/td>\n<td style=\"width: 215.75px;\">Biologia<\/td>\n<td style=\"width: 94.6px; text-align: center;\">2<\/td>\n<td style=\"width: 92.95px; text-align: center;\">1<\/td>\n<\/tr>\n<tr>\n<td style=\"width: 44.2333px;\">6<\/td>\n<td style=\"width: 215.75px;\">Chemia<\/td>\n<td style=\"width: 94.6px; text-align: center;\">2<\/td>\n<td style=\"width: 92.95px; text-align: center;\">2<\/td>\n<\/tr>\n<tr>\n<td style=\"width: 44.2333px;\">7<\/td>\n<td style=\"width: 215.75px;\">Fizyka i astronomia<\/td>\n<td style=\"width: 94.6px; text-align: center;\">2<\/td>\n<td style=\"width: 92.95px; text-align: center;\">2<\/td>\n<\/tr>\n<tr>\n<td style=\"width: 44.2333px;\">8<\/td>\n<td style=\"width: 215.75px;\">Geografia<\/td>\n<td style=\"width: 94.6px; text-align: center;\">2<\/td>\n<td style=\"width: 92.95px; text-align: center;\">1<\/td>\n<\/tr>\n<tr>\n<td style=\"width: 44.2333px;\">9<\/td>\n<td style=\"width: 215.75px;\">Informatyka<\/td>\n<td style=\"width: 94.6px; text-align: center;\">2<\/td>\n<td style=\"width: 92.95px; text-align: center;\">1<\/td>\n<\/tr>\n<tr>\n<td style=\"width: 44.2333px;\">10<\/td>\n<td style=\"width: 215.75px;\">Historia<\/td>\n<td style=\"width: 94.6px; text-align: center;\">2<\/td>\n<td style=\"width: 92.95px; text-align: center;\">2<\/td>\n<\/tr>\n<tr>\n<td style=\"width: 44.2333px;\">11<\/td>\n<td style=\"width: 215.75px;\">Wiedza o spo\u0142ecze\u0144stwie<\/td>\n<td style=\"width: 94.6px; text-align: center;\">&#8211;<\/td>\n<td style=\"width: 92.95px; text-align: center;\">2<\/td>\n<\/tr>\n<tr>\n<td style=\"width: 44.2333px;\">12<\/td>\n<td style=\"width: 215.75px;\">Muzyka<\/td>\n<td style=\"width: 94.6px; text-align: center;\">1<\/td>\n<td style=\"width: 92.95px; text-align: center;\">&#8211;<\/td>\n<\/tr>\n<tr>\n<td style=\"width: 44.2333px;\">13<\/td>\n<td style=\"width: 215.75px;\">Plastyka<\/td>\n<td style=\"width: 94.6px; text-align: center;\">1<\/td>\n<td style=\"width: 92.95px; text-align: center;\">&#8211;<\/td>\n<\/tr>\n<tr>\n<td style=\"width: 44.2333px;\">14<\/td>\n<td style=\"width: 215.75px;\">Zaj\u0119cia z wychowawc\u0105<\/td>\n<td style=\"width: 94.6px; text-align: center;\">1<\/td>\n<td style=\"width: 92.95px; text-align: center;\">1<\/td>\n<\/tr>\n<tr>\n<td style=\"width: 44.2333px;\">15<\/td>\n<td style=\"width: 215.75px;\">Edukacja dla bezpiecze\u0144stwa<\/td>\n<td style=\"width: 94.6px; text-align: center;\">&#8211;<\/td>\n<td style=\"width: 92.95px; text-align: center;\">1<\/td>\n<\/tr>\n<tr>\n<td style=\"width: 44.2333px;\">16<\/td>\n<td style=\"width: 215.75px;\">Religia lub etyka<\/td>\n<td style=\"width: 94.6px; text-align: center;\">1<\/td>\n<td style=\"width: 92.95px; text-align: center;\">1<\/td>\n<\/tr>\n<tr>\n<td style=\"width: 44.2333px;\"><\/td>\n<td style=\"width: 215.75px;\"><strong>Suma godzin w planie<br \/>\n<\/strong><\/td>\n<td style=\"width: 94.6px; text-align: center;\"><strong>34<\/strong><\/td>\n<td style=\"width: 92.95px; text-align: center;\"><strong>32<\/strong><\/td>\n<\/tr>\n<tr>\n<td style=\"width: 44.2333px;\">17<\/td>\n<td style=\"width: 215.75px;\">Wychowanie fizyczne<\/td>\n<td style=\"width: 94.6px; text-align: center;\">4<\/td>\n<td style=\"width: 92.95px; text-align: center;\">4<\/td>\n<\/tr>\n<tr>\n<td style=\"width: 44.2333px;\">18<\/td>\n<td style=\"width: 215.75px;\">Edukacja zdrowotna<\/td>\n<td style=\"width: 94.6px; text-align: center;\">1<\/td>\n<td style=\"width: 92.95px; text-align: center;\">1<\/td>\n<\/tr>\n<\/tbody>\n<\/table>\n<p>Nauczanie j\u0119zyk\u00f3w obcych odbywa si\u0119 w ma\u0142ych grupach mi\u0119dzyoddzia\u0142owych, z podzia\u0142em na stopnie zaawansowania (w przypadku j\u0119zyka angielskiego nawet do 3 poziom\u00f3w zaawansowania).<\/p>\n<p>Obowi\u0105zkowy jest j\u0119zyk angielski, dodatkowo do wyboru: j\u0119zyk francuski, j\u0119zyk niemiecki lub j\u0119zyk hiszpa\u0144ski.<\/p>\n<p>W przypadku drugiego j\u0119zyka jest r\u00f3wnie\u017c mo\u017cliwo\u015b\u0107 rozpocz\u0119cia jego nauki od podstaw, je\u015bli utworzy si\u0119 taka grupa.<\/p>\n","protected":false},"excerpt":{"rendered":"<p>Za\u0142o\u017cenia oferty edukacyjnej Szko\u0142y Podstawowej przy Spo\u0142ecznym Liceum Og\u00f3lnokszta\u0142c\u0105cym nr 4 im. Batalionu AK &#8222;Parasol&#8221; Plan nauczania dla uczni\u00f3w klas 7-8: Lp. Przedmiot Tygodniowa liczba godzin klasa 7 klasa 8 1 J\u0119zyk polski 5 5 2 J\u0119zyk angielski 4 4 3 J\u0119zyk obcy nowo\u017cytny 4 4 4 Matematyka 5 5 <a href=\"https:\/\/www.batalionparasol.pl\/slo4\/plan-nauczania-w-klasach-7-i-8\/\" class=\"read-more\">(czytaj wi\u0119cej &#8230;)<\/a><\/p>\n","protected":false},"author":1,"featured_media":0,"parent":0,"menu_order":0,"comment_status":"closed","ping_status":"closed","template":"","meta":[],"_links":{"self":[{"href":"https:\/\/www.batalionparasol.pl\/slo4\/wp-json\/wp\/v2\/pages\/5226"}],"collection":[{"href":"https:\/\/www.batalionparasol.pl\/slo4\/wp-json\/wp\/v2\/pages"}],"about":[{"href":"https:\/\/www.batalionparasol.pl\/slo4\/wp-json\/wp\/v2\/types\/page"}],"author":[{"embeddable":true,"href":"https:\/\/www.batalionparasol.pl\/slo4\/wp-json\/wp\/v2\/users\/1"}],"replies":[{"embeddable":true,"href":"https:\/\/www.batalionparasol.pl\/slo4\/wp-json\/wp\/v2\/comments?post=5226"}],"version-history":[{"count":11,"href":"https:\/\/www.batalionparasol.pl\/slo4\/wp-json\/wp\/v2\/pages\/5226\/revisions"}],"predecessor-version":[{"id":7961,"href":"https:\/\/www.batalionparasol.pl\/slo4\/wp-json\/wp\/v2\/pages\/5226\/revisions\/7961"}],"wp:attachment":[{"href":"https:\/\/www.batalionparasol.pl\/slo4\/wp-json\/wp\/v2\/media?parent=5226"}],"curies":[{"name":"wp","href":"https:\/\/api.w.org\/{rel}","templated":true}]}}