{"id":5272,"date":"2021-02-23T16:23:57","date_gmt":"2021-02-23T15:23:57","guid":{"rendered":"http:\/\/slo4.edu.pl\/?page_id=5272"},"modified":"2026-04-16T14:47:14","modified_gmt":"2026-04-16T12:47:14","slug":"kandydaci-do-liceum","status":"publish","type":"page","link":"https:\/\/www.batalionparasol.pl\/slo4\/kandydaci-do-liceum\/","title":{"rendered":"Kandydaci do Liceum"},"content":{"rendered":"<h2>Oferta na rok szkolny 2026\/2027<\/h2>\n<p>Od 1 wrze\u015bnia 2026 r. zamierzamy utworzy\u0107 <strong>trzy lub cztery klasy pierwsze w Liceum<\/strong>.<\/p>\n<h3><strong>Co nas wyr\u00f3\u017cnia:<\/strong><\/h3>\n<ul>\n<li style=\"list-style-type: none;\">\n<ul>\n<li>u nas nie ma sztywnego profilowania &#8211; <strong>wybierasz 2 lub 3 dowolne przedmioty w zakresie rozszerzonym<\/strong> po pierwszej klasie;<\/li>\n<li>j\u0119zyk\u00f3w obcych uczymy w r\u00f3\u017cnych grupach zaawansowania, <strong>ka\u017cdy j\u0119zyk po 4-5 godzin tygodniowo:<\/strong> obowi\u0105zkowy jest angielski oraz do wyboru: francuski, niemiecki lub hiszpa\u0144ski;<\/li>\n<li>komfort nauki i przyjazna atmosfera &#8211; <strong>klasy do 16 uczni\u00f3w<\/strong>, a grupy j\u0119zykowe s\u0105 jeszcze mniejsze;<\/li>\n<li>proponujemy ko\u0142a zainteresowa\u0144, debaty oxfordzkie, sesje naukowe z r\u00f3\u017cnych dziedzin;<\/li>\n<li><strong>zaj\u0119cia tutorskie,<\/strong> na kt\u00f3rych mo\u017cesz rozwija\u0107 pasje i zainteresowania pod opiek\u0105 tutora-mistrza, Twojego przewodnika w danej dyscyplinie naukowej;<\/li>\n<li>przygotujemy Ci\u0119 do startu w wybranym konkursie lub olimpiadzie przedmiotowej;<\/li>\n<li>za dobre wyniki w nauce mo\u017cesz otrzyma\u0107 <strong>stypendium naukowe<\/strong> (od 140 do 220 z\u0142otych co miesi\u0105c).<\/li>\n<\/ul>\n<\/li>\n<\/ul>\n<p>Nasze Liceum istnieje od 1989 roku. Corocznie od 2013 roku jest nagradzane znakiem jako\u015bci \u201e<a href=\"https:\/\/www.batalionparasol.pl\/slo4\/pierwsze-miejsce-w-warszawie\/\"><strong>Z\u0141OTA SZKO\u0141A<\/strong><\/a>\u201d w najbardziej presti\u017cowym rankingu \u201ePerspektywy\u201d. Posiada tak\u017ce Certyfikat Honorowy <strong>Szko\u0142y Wspieraj\u0105cej Uzdolnionych<\/strong>. Pod wzgl\u0119dem wynik\u00f3w maturalnych od wielu lat jest na <strong>1. miejscu w\u015br\u00f3d lice\u00f3w na Ursynowie<\/strong>, a w 2023 r. na <strong>1. miejscu w Warszawie w kategorii lice\u00f3w niepublicznych<\/strong>.<\/p>\n<p><span style=\"color: #ff0000;\"><strong>Harmonogram rekrutacji:<\/strong><\/span><\/p>\n<h2>1) Spotkania dla kandydat\u00f3w do Liceum.<\/h2>\n<p><strong>16 lutego 2026 r. (poniedzia\u0142ek) godzina 18:00 <\/strong>&#8211; spotkanie w formule on-line, podczas kt\u00f3rego b\u0119dzie mo\u017cliwo\u015b\u0107 porozmawiania z dyrekcj\u0105 szko\u0142y i nauczycielami przedmiot\u00f3w egzaminacyjnych. B\u0119dzie to spotkanie interaktywne przeprowadzone za pomoc\u0105 aplikacji Teams oraz transmitowane na kanale YouTube.<\/p>\n<p><a href=\"https:\/\/www.batalionparasol.pl\/slo4\/transmisja-spotkania-dla-kandydatow-2\/\" target=\"_blank\" rel=\"noopener\"><strong>=&gt;&gt;&gt; Link do transmisji spotkania dla kandydat\u00f3w<\/strong><\/a><\/p>\n<p><strong>16 marca 2026 (poniedzia\u0142ek) godzina 18:00<\/strong> &#8211; dzie\u0144 otwarty dla kandydat\u00f3w i ich rodzic\u00f3w &#8211; spotkanie w budynku szko\u0142y. Opowiemy o \u017cyciu naszej szko\u0142y i o realizowanych projektach, w tym wyjazdowych projektach j\u0119zykowych i historycznych. Kandydaci i ich rodzice b\u0119d\u0105 mogli obejrze\u0107 sale lekcyjne i porozmawia\u0107 z naszymi uczniami.<\/p>\n<h2>2) Wymagane dokumenty<\/h2>\n<p><strong>Do 20 marca 2026 r.<\/strong> nale\u017cy z\u0142o\u017cy\u0107 w sekretariacie szko\u0142y, wys\u0142a\u0107 tradycyjn\u0105 poczt\u0105 lub zeskanowane pliki jpg lub pdf na adres email: <a href=\"mailto:sekretariat@slo4.edu.pl\"><strong>sekretariat@slo4.edu.pl<\/strong><\/a>:<\/p>\n<ul>\n<li style=\"list-style-type: none;\">\n<ul>\n<li style=\"list-style-type: none;\">\n<ul>\n<li>kopi\u0119 ostatniego \u015bwiadectwa szkolnego (<strong>po klasie VII<\/strong>),<\/li>\n<li>ankiet\u0119 zg\u0142oszeniow\u0105 kandydata (<strong><a href=\"http:\/\/batalionparasol.pl\/slo4\/wp-content\/uploads\/2021\/01\/ankieta-kandydata-do-SLO4.docx\">pobierz ankiet\u0119 kandydata<\/a><\/strong>),<\/li>\n<li>kopi\u0119 opinii lub orzeczenia z poradni psychologiczno-pedagogicznej, je\u015bli ucze\u0144 tak\u0105 posiada.<\/li>\n<\/ul>\n<\/li>\n<\/ul>\n<\/li>\n<\/ul>\n<h2>3) Egzaminy wst\u0119pne z j.polskiego i matematyki<\/h2>\n<p>Procedura egzaminacyjna w rekrutacji zewn\u0119trznej sk\u0142ada si\u0119 z cz\u0119\u015bci pisemnej oraz cz\u0119\u015bci ustnej i obejmuje zagadnienia z j\u0119zyka polskiego i matematyki. <span style=\"text-decoration: underline;\">Obie cz\u0119\u015bci egzaminu<\/span> zostan\u0105 przeprowadzone <span style=\"text-decoration: underline;\">w formie stacjonarnej<\/span>.<\/p>\n<p><strong>Terminy egzaminu pisemnego dla kandydat\u00f3w do klasy 1 Liceum:<\/strong><\/p>\n<ul>\n<li style=\"list-style-type: none;\">\n<ul>\n<li style=\"list-style-type: none;\">\n<ul>\n<li><strong>27 marca 2026<\/strong> (pi\u0105tek) godz. 16:00 \u2013 j.polski (60 minut);<\/li>\n<li><strong>28 marca 2026<\/strong> (sobota) godz. 9:00 \u2013 matematyka (60 minut).<\/li>\n<\/ul>\n<\/li>\n<\/ul>\n<\/li>\n<\/ul>\n<p><a href=\"https:\/\/www.batalionparasol.pl\/slo4\/wyniki-egzaminow-pisemnych-do-liceum-2\/\"><strong>=&gt;&gt;&gt; Zobacz wyniki egzamin\u00f3w pisemnych (data publikacji 16 kwietnia 2026)<\/strong><\/a><\/p>\n<p><strong>Egzaminy ustne <\/strong>z j.polskiego i matematyki odb\u0119d\u0105 si\u0119 stacjonarnie w budynku szko\u0142y <strong>23-25 kwietnia 2026 r.<\/strong> Dok\u0142adny harmonogram b\u0119dzie podany z wynikami egzamin\u00f3w pisemnych.<\/p>\n<blockquote><p>Zakres programowy egzaminu:<\/p>\n<p><a href=\"https:\/\/www.batalionparasol.pl\/slo4\/wp-content\/uploads\/2025\/01\/Wymagania-jpolski-do-klasy-1L-2025.pdf\" target=\"_blank\" rel=\"noopener\"><strong>Egzamin wst\u0119pny z j\u0119zyka polskiego<\/strong><\/a><\/p>\n<p><strong><a href=\"https:\/\/batalionparasol.pl\/slo4\/wp-content\/uploads\/2022\/10\/LO-polski-przykladowy-arkusz.pdf\">Przyk\u0142adowy arkusz z j\u0119zyka polskiego<\/a><\/strong><\/p>\n<p><a href=\"https:\/\/www.batalionparasol.pl\/slo4\/wp-content\/uploads\/2026\/02\/Wymagania-matematyka-do-klasy-1LO-2026.pdf\" target=\"_blank\" rel=\"noopener\"><strong>Egzamin wst\u0119pny z matematyki (2026)<\/strong><\/a><\/p>\n<p><strong><a href=\"https:\/\/batalionparasol.pl\/slo4\/wp-content\/uploads\/2022\/10\/LO-matematyka-przykladowy-arkusz.pdf\">Przyk\u0142adowy arkusz z matematyki<\/a><\/strong><\/p><\/blockquote>\n<p>Zapami\u0119taj: Na egzamin pisemny nale\u017cy przynie\u015b\u0107: legitymacj\u0119 szkoln\u0105, dobrze pisz\u0105cy d\u0142ugopis, na matematyk\u0119 przybory geometryczne (bez kalkulatora), obuwie na zmian\u0119 &#8211; je\u015bli b\u0119dzie mokro. Mile widziany odpowiedni str\u00f3j.<\/p>\n<h2>4) Og\u0142oszenie wynik\u00f3w egzamin\u00f3w wst\u0119pnych<\/h2>\n<blockquote><p><strong>do 30 kwietnia 2026<\/strong> \u2013 og\u0142oszenie na stronie szkolnej listy kandydat\u00f3w przyj\u0119tych do klasy 1 liceum.<\/p>\n<p><strong>do 11 maja 2026<\/strong> \u2013 podpisywanie um\u00f3w o kszta\u0142cenie.<\/p><\/blockquote>\n<h2>5) Op\u0142aty<\/h2>\n<p>1) <strong>Op\u0142ata rekrutacyjna 600 z\u0142<\/strong> &#8211; przy sk\u0142adaniu dokument\u00f3w kandydata prosz\u0119 dokona\u0107 wp\u0142aty przelewem na poni\u017csze konto bankowe:<\/p>\n<p style=\"text-align: center;\"><strong>Spo\u0142eczne Liceum Og\u00f3lnokszta\u0142c\u0105ce nr 4 im. Batalionu AK \u201eParasol\u201d<\/strong><\/p>\n<h3 style=\"text-align: center;\"><strong>32 1020 1169 0000 8502 0886 5836<\/strong><\/h3>\n<p>W tytule przelewu prosz\u0119 poda\u0107: \u201eop\u0142ata rekrutacyjna, imi\u0119 i nazwisko kandydata\u201d.<\/p>\n<p>2) <strong>Op\u0142ata rezerwacyjna 2900 z\u0142<\/strong> &#8211; wp\u0142acana w ci\u0105gu 3 dni od daty podpisania umowy o kszta\u0142cenie przez rodzic\u00f3w ucznia.<\/p>\n<p>3) Od 1 wrze\u015bnia 2026 r. <strong>czesne za semestr<\/strong> b\u0119dzie wynosi\u0107 12 000 z\u0142. Przy dokonywaniu wp\u0142at czesnego w formie sze\u015bciu rat miesi\u0119cznych wysoko\u015b\u0107 jednej raty wynosi\u0107 b\u0119dzie <strong>2000 z\u0142<\/strong>.<\/p>\n<p>Pytania dotycz\u0105ce rekrutacji prosimy kierowa\u0107 na adres e-mail: <strong><a href=\"mailto:sekretariat@slo4.edu.pl\">sekretariat@slo4.edu.pl<\/a><\/strong> lub telefonicznie do sekretariatu szko\u0142y.<\/p>\n<p style=\"text-align: right;\"><em>(data aktualizacji: 16.12.2025)<\/em><\/p>\n","protected":false},"excerpt":{"rendered":"<p>Oferta na rok szkolny 2026\/2027 Od 1 wrze\u015bnia 2026 r. zamierzamy utworzy\u0107 trzy lub cztery klasy pierwsze w Liceum. Co nas wyr\u00f3\u017cnia: u nas nie ma sztywnego profilowania &#8211; wybierasz 2 lub 3 dowolne przedmioty w zakresie rozszerzonym po pierwszej klasie; j\u0119zyk\u00f3w obcych uczymy w r\u00f3\u017cnych grupach zaawansowania, ka\u017cdy j\u0119zyk <a href=\"https:\/\/www.batalionparasol.pl\/slo4\/kandydaci-do-liceum\/\" class=\"read-more\">(czytaj wi\u0119cej &#8230;)<\/a><\/p>\n","protected":false},"author":1,"featured_media":7229,"parent":0,"menu_order":0,"comment_status":"closed","ping_status":"closed","template":"","meta":[],"_links":{"self":[{"href":"https:\/\/www.batalionparasol.pl\/slo4\/wp-json\/wp\/v2\/pages\/5272"}],"collection":[{"href":"https:\/\/www.batalionparasol.pl\/slo4\/wp-json\/wp\/v2\/pages"}],"about":[{"href":"https:\/\/www.batalionparasol.pl\/slo4\/wp-json\/wp\/v2\/types\/page"}],"author":[{"embeddable":true,"href":"https:\/\/www.batalionparasol.pl\/slo4\/wp-json\/wp\/v2\/users\/1"}],"replies":[{"embeddable":true,"href":"https:\/\/www.batalionparasol.pl\/slo4\/wp-json\/wp\/v2\/comments?post=5272"}],"version-history":[{"count":64,"href":"https:\/\/www.batalionparasol.pl\/slo4\/wp-json\/wp\/v2\/pages\/5272\/revisions"}],"predecessor-version":[{"id":8377,"href":"https:\/\/www.batalionparasol.pl\/slo4\/wp-json\/wp\/v2\/pages\/5272\/revisions\/8377"}],"wp:featuredmedia":[{"embeddable":true,"href":"https:\/\/www.batalionparasol.pl\/slo4\/wp-json\/wp\/v2\/media\/7229"}],"wp:attachment":[{"href":"https:\/\/www.batalionparasol.pl\/slo4\/wp-json\/wp\/v2\/media?parent=5272"}],"curies":[{"name":"wp","href":"https:\/\/api.w.org\/{rel}","templated":true}]}}